{"id":151,"date":"2022-04-06T14:34:41","date_gmt":"2022-04-06T05:34:41","guid":{"rendered":"http:\/\/y-asakawa.jp:8000\/?page_id=151"},"modified":"2022-04-18T10:37:21","modified_gmt":"2022-04-18T01:37:21","slug":"%e6%b5%85%e5%b7%9d%e7%be%a9%e6%b2%bb%e3%82%92%e6%94%af%e3%81%88%e3%81%a6%e3%81%8f%e3%81%a0%e3%81%95%e3%81%84%ef%bc%81","status":"publish","type":"page","link":"https:\/\/www.asakawayoshiharu.com\/?page_id=151","title":{"rendered":"\u6d45\u5ddd\u7fa9\u6cbb\u3092\u652f\u3048\u3066\u304f\u3060\u3055\u3044\uff01"},"content":{"rendered":"\n<p class=\"has-medium-font-size\"><strong>\u6d45\u5ddd\u7fa9\u6cbb\u3092\u652f\u3048\u3066\u304f\u3060\u3055\u3044\uff01\u4e00\u7dd2\u306b\u6d3b\u52d5\u3057\u307e\u305b\u3093\u304b\uff1f<\/strong><\/p>\n\n\n\n<p><\/p>\n\n\n\n<p>\u6d45\u5ddd\u7fa9\u6cbb\u306e\u6d3b\u52d5\u3092\u304a\u624b\u4f1d\u3044\u3057\u3066\u3044\u305f\u3060\u3051\u308b\u65b9\u3092\u52df\u96c6\u3057\u3066\u3044\u307e\u3059\u3002<\/p>\n\n\n\n<p>\u6d3b\u52d5\u306f\u30d3\u30e9\u914d\u308a\u3001\u30dd\u30b9\u30c6\u30a3\u30f3\u30b0\u3001\u30dd\u30b9\u30bf\u30fc\u306e\u8cbc\u308a\u66ff\u3048\u306a\u3069\u304c\u3042\u308a\u307e\u3059\u3002<\/p>\n\n\n\n<p>1\u65e5\u3067\u3082\u30011\u6642\u9593\u3067\u3082\u69cb\u3044\u307e\u305b\u3093\u3002<\/p>\n\n\n\n<p>\u304a\u6c17\u8efd\u306b\u304a\u8d8a\u3057\u304f\u3060\u3055\u3044\u3002<\/p>\n\n\n\n<p>\u3069\u3046\u305e\u3088\u308d\u3057\u304f\u304a\u9858\u3044\u3057\u307e\u3059\u3002<\/p>\n\n\n\n<div class=\"wpcf7 no-js\" id=\"wpcf7-f152-o1\" lang=\"ja\" dir=\"ltr\" data-wpcf7-id=\"152\">\n<div class=\"screen-reader-response\"><p role=\"status\" aria-live=\"polite\" aria-atomic=\"true\"><\/p> <ul><\/ul><\/div>\n<form action=\"\/index.php?rest_route=%2Fwp%2Fv2%2Fpages%2F151#wpcf7-f152-o1\" method=\"post\" class=\"wpcf7-form init\" aria-label=\"\u30b3\u30f3\u30bf\u30af\u30c8\u30d5\u30a9\u30fc\u30e0\" novalidate=\"novalidate\" data-status=\"init\">\n<fieldset class=\"hidden-fields-container\"><input type=\"hidden\" name=\"_wpcf7\" value=\"152\" \/><input type=\"hidden\" name=\"_wpcf7_version\" value=\"6.1.5\" \/><input type=\"hidden\" name=\"_wpcf7_locale\" value=\"ja\" \/><input type=\"hidden\" name=\"_wpcf7_unit_tag\" value=\"wpcf7-f152-o1\" \/><input type=\"hidden\" name=\"_wpcf7_container_post\" value=\"0\" \/><input type=\"hidden\" name=\"_wpcf7_posted_data_hash\" value=\"\" \/>\n<\/fieldset>\n<table class=\"respStyle\">\n\t<tr>\n\t\t<th>\n\t\t\t<p><span class=\"required-srt\">\u3010\u5fc5\u9808\u3011<\/span><span class=\"title-srt\">\u304a\u540d\u524d<\/span>\n\t\t\t<\/p>\n\t\t<\/th>\n\t\t<td>\n\t\t\t<p><span class=\"wpcf7-form-control-wrap\" data-name=\"text-102\"><input size=\"40\" maxlength=\"400\" class=\"wpcf7-form-control wpcf7-text wpcf7-validates-as-required\" aria-required=\"true\" aria-invalid=\"false\" placeholder=\"\u4f8b\uff1a\u5c71\u7530\u592a\u90ce\" value=\"\" type=\"text\" name=\"text-102\" \/><\/span>\n\t\t\t<\/p>\n\t\t<\/td>\n\t<\/tr>\n\t<tr>\n\t\t<th>\n\t\t\t<p><span class=\"required-srt\">\u3010\u5fc5\u9808\u3011<\/span><span class=\"title-srt\">\u304a\u540d\u524d\uff08\u30d5\u30ea\u30ac\u30ca\uff09<\/span>\n\t\t\t<\/p>\n\t\t<\/th>\n\t\t<td>\n\t\t\t<p><span class=\"wpcf7-form-control-wrap\" data-name=\"text-100\"><input size=\"40\" maxlength=\"400\" class=\"wpcf7-form-control wpcf7-text wpcf7-validates-as-required\" aria-required=\"true\" aria-invalid=\"false\" placeholder=\"\u4f8b\uff1a\u30e4\u30de\u30c0\u30bf\u30ed\u30a6\" value=\"\" type=\"text\" name=\"text-100\" \/><\/span>\n\t\t\t<\/p>\n\t\t<\/td>\n\t<\/tr>\n\t<tr>\n\t\t<th>\n\t\t\t<p><span class=\"required-srt\">\u3010\u5fc5\u9808\u3011<\/span><span class=\"title-srt\">\u30e1\u30fc\u30eb\u30a2\u30c9\u30ec\u30b9<\/span>\n\t\t\t<\/p>\n\t\t<\/th>\n\t\t<td>\n\t\t\t<p><span class=\"wpcf7-form-control-wrap\" data-name=\"your-email\"><input size=\"40\" maxlength=\"400\" class=\"wpcf7-form-control wpcf7-email wpcf7-validates-as-required wpcf7-text wpcf7-validates-as-email\" aria-required=\"true\" aria-invalid=\"false\" placeholder=\"\u4f8b\uff1a\u00d7\u00d7\u00d7@\u00d7\u00d7\u00d7.com\" value=\"\" type=\"email\" name=\"your-email\" \/><\/span>\n\t\t\t<\/p>\n\t\t<\/td>\n\t<\/tr>\n\t<tr>\n\t\t<th>\n\t\t\t<p><span class=\"required-srt\">\u3010\u5fc5\u9808\u3011<\/span><span class=\"title-srt\">\u96fb\u8a71\u756a\u53f7<\/span>\n\t\t\t<\/p>\n\t\t<\/th>\n\t\t<td>\n\t\t\t<p><span class=\"wpcf7-form-control-wrap\" data-name=\"text-103\"><input size=\"40\" maxlength=\"400\" class=\"wpcf7-form-control wpcf7-text wpcf7-validates-as-required\" aria-required=\"true\" aria-invalid=\"false\" placeholder=\"\u4f8b\uff1a000-0000-0000\" value=\"\" type=\"text\" name=\"text-103\" \/><\/span>\n\t\t\t<\/p>\n\t\t<\/td>\n\t<\/tr>\n\t<tr>\n\t\t<th>\n\t\t\t<p><span class=\"required-srt\">\u3010\u5fc5\u9808\u3011<\/span><span class=\"title-srt\">\u4f4f\u6240<\/span>\n\t\t\t<\/p>\n\t\t<\/th>\n\t\t<td>\n\t\t\t<p><span class=\"wpcf7-form-control-wrap\" data-name=\"text-101\"><input size=\"40\" maxlength=\"400\" class=\"wpcf7-form-control wpcf7-text wpcf7-validates-as-required\" aria-required=\"true\" aria-invalid=\"false\" placeholder=\"\u4f8b\uff1a\u795e\u5948\u5ddd\u770c\u6a2a\u6d5c\u5e02\u25ef\u25ef\u533a 1-1-1\" value=\"\" type=\"text\" name=\"text-101\" \/><\/span>\n\t\t\t<\/p>\n\t\t<\/td>\n\t<\/tr>\n\t<tr>\n\t\t<th>\n\t\t\t<p><span class=\"unrequired-srt\">\u3010\u5fc5\u9808\u3011<\/span><span class=\"title-srt\"><br \/>\n<\/span>\n\t\t\t<\/p>\n\t\t<\/th>\n\t\t<td>\n\t\t\t<p><span class=\"wpcf7-form-control-wrap\" data-name=\"your-message\"><textarea cols=\"40\" rows=\"10\" maxlength=\"2000\" class=\"wpcf7-form-control wpcf7-textarea\" aria-invalid=\"false\" placeholder=\"\u304a\u624b\u4f1d\u3044\u3044\u305f\u3060\u3051\u308b\u5185\u5bb9\u30fb\u9023\u7d61\u304c\u3064\u304d\u3084\u3059\u3044\u6642\u9593\u306a\u3069\" name=\"your-message\"><\/textarea><\/span>\n\t\t\t<\/p>\n\t\t<\/td>\n\t<\/tr>\n\t<tr>\n\t<\/tr>\n<\/table>\n<p><input class=\"wpcf7-form-control wpcf7-submit has-spinner soushin\" type=\"submit\" value=\"\u9001\u4fe1\u3059\u308b\" \/>\n<\/p><div class=\"wpcf7-response-output\" aria-hidden=\"true\"><\/div>\n<\/form>\n<\/div>\n\n\n\n\n<p><\/p>\n","protected":false},"excerpt":{"rendered":"\u6d45\u5ddd\u7fa9\u6cbb\u3092\u652f\u3048\u3066\u304f\u3060\u3055\u3044\uff01\u4e00\u7dd2\u306b\u6d3b\u52d5\u3057\u307e\u305b\u3093\u304b\uff1f \u6d45\u5ddd\u7fa9\u6cbb\u306e\u6d3b\u52d5\u3092\u304a\u624b\u4f1d\u3044\u3057\u3066\u3044\u305f\u3060\u3051\u308b\u65b9\u3092\u52df\u96c6\u3057\u3066\u3044\u307e\u3059\u3002 \u6d3b\u52d5\u306f\u30d3\u30e9\u914d\u308a\u3001\u30dd\u30b9\u30c6\u30a3\u30f3\u30b0\u3001\u30dd\u30b9\u30bf\u30fc\u306e\u8cbc\u308a\u66ff\u3048\u306a\u3069\u304c\u3042\u308a\u307e\u3059\u3002 1\u65e5\u3067\u3082\u30011\u6642\u9593\u3067\u3082\u69cb\u3044\u307e\u305b\u3093\u3002 \u304a\u6c17\u8efd\u306b\u304a [&hellip;]","protected":false},"author":1,"featured_media":0,"parent":0,"menu_order":0,"comment_status":"closed","ping_status":"closed","template":"","meta":{"footnotes":""},"class_list":["post-151","page","type-page","status-publish","hentry"],"_links":{"self":[{"href":"https:\/\/www.asakawayoshiharu.com\/index.php?rest_route=\/wp\/v2\/pages\/151","targetHints":{"allow":["GET"]}}],"collection":[{"href":"https:\/\/www.asakawayoshiharu.com\/index.php?rest_route=\/wp\/v2\/pages"}],"about":[{"href":"https:\/\/www.asakawayoshiharu.com\/index.php?rest_route=\/wp\/v2\/types\/page"}],"author":[{"embeddable":true,"href":"https:\/\/www.asakawayoshiharu.com\/index.php?rest_route=\/wp\/v2\/users\/1"}],"replies":[{"embeddable":true,"href":"https:\/\/www.asakawayoshiharu.com\/index.php?rest_route=%2Fwp%2Fv2%2Fcomments&post=151"}],"version-history":[{"count":7,"href":"https:\/\/www.asakawayoshiharu.com\/index.php?rest_route=\/wp\/v2\/pages\/151\/revisions"}],"predecessor-version":[{"id":294,"href":"https:\/\/www.asakawayoshiharu.com\/index.php?rest_route=\/wp\/v2\/pages\/151\/revisions\/294"}],"wp:attachment":[{"href":"https:\/\/www.asakawayoshiharu.com\/index.php?rest_route=%2Fwp%2Fv2%2Fmedia&parent=151"}],"curies":[{"name":"wp","href":"https:\/\/api.w.org\/{rel}","templated":true}]}}